 v(l) = l**2 + 2*l + 4. What is v(-3)?
7
Let m(f) = -f**3 + 10*f**2 + 8*f + 2. What is m(11)?
-31
Let o(v) = v**2 + 2*v + 4. Calculate o(0).
4
Let a(y) = -96*y - 446. Determine a(-5).
34
Let w(j) = 5*j**3 + 4*j**2 - 2*j - 5. Determine w(-3).
-98
Let k(q) = 2*q**2 + 12*q - 97. Determine k(-9).
-43
Let d(f) = -f + 10. Determine d(9).
1
Let l(k) = -k**2 + 11*k - 16. Give l(9).
2
Let i(r) = 9*r - 3. Determine i(-1).
-12
Let g(u) = 4*u - 21. Give g(-16).
-85
Let p(a) = 3*a**2 + 4*a - 5. Determine p(1).
2
Let l(f) = -f**3 - 8*f**2 + 4*f - 22. Calculate l(-8).
-54
Let i(r) = 4*r - 13. Give i(14).
43
Let z(r) = r - 5. Determine z(9).
4
Let g(r) = -r**2 + 14*r + 5. Determine g(14).
5
Let g(n) = -n**3 + 3*n**2 + 13*n + 3. What is g(5)?
18
Let p(a) = a**2 - 12*a + 34. What is p(7)?
-1
Let l(b) = -b**2 - 20*b - 103. Give l(-11).
-4
Let x(s) = -4*s**2 + 36*s - 37. Give x(1).
-5
Let a(m) = -m**2 + 4*m + 13. Determine a(6).
1
Let b(m) = -m**2 - 5*m - 14. What is b(-5)?
-14
Let l(c) = c**2 + c - 5. Calculate l(3).
7
Let w(b) = -b**2 - 9*b + 11. What is w(-12)?
-25
Let q(x) = 14*x + 46. Calculate q(-3).
4
Let d(i) = -47*i + 1083. Determine d(23).
2
Let t(u) = -u**3 + 48*u**2 + 52*u - 158. Give t(49).
-11
Let h(z) = -5*z + 4. Determine h(2).
-6
Let u(j) = j**3 + 3*j**2 - 6*j + 15. Calculate u(-5).
-5
Let c(l) = 2*l + 4. Determine c(-8).
-12
Let f(u) = -5*u + 23. Give f(-8).
63
Let z(g) = -14*g + 5. Determine z(1).
-9
Let l(n) = -2*n - 6. Determine l(-5).
4
Let z(g) = -g**2 + 11*g - 35. What is z(6)?
-5
Let o(r) = -2*r. Calculate o(-4).
8
Let d(p) = 2*p**2 + 13*p + 12. Determine d(-5).
-3
Let q(v) = -v**2 + 32*v - 202. What is q(23)?
5
Let s(q) = -3*q**2 + 30*q + 19. Determine s(8).
67
Let t(v) = -v**2 + 8*v - 7. Calculate t(9).
-16
Let i(l) = l**3 + 5*l**2 - 6*l - 8. What is i(-6)?
-8
Let f(y) = -3*y - 1. Give f(-5).
14
Let b(g) = 5*g - 143. Determine b(28).
-3
Let f(d) = 4*d**2 - 4*d - 6. Determine f(2).
2
Let y(t) = 2*t**2 - 6*t + 1. Calculate y(5).
21
Let x(b) = b**3 + 7*b**2 + 5*b + 5. Determine x(-6).
11
Let f(p) = -p + 2. Calculate f(1).
1
Let j(h) = h + 2. What is j(7)?
9
Let b(u) = u**3 + 7*u**2 + 3*u - 7. Give b(-6).
11
Let a(u) = 7*u**2 + 6*u + 5. What is a(-3)?
50
Let m(y) = -2*y - 21. Give m(-16).
11
Let o(f) = 41*f**3 + 3*f**2 + 3*f + 1. Give o(-1).
-40
Let s(p) = -6*p + 3. What is s(11)?
-63
Let z(a) = -a**2 - 74*a - 350. What is z(-5)?
-5
Let v(p) = 2*p + 27. What is v(-18)?
-9
Let t(w) = -w**3 - 7*w**2 - 16*w - 53. Give t(-6).
7
Let v(d) = 10*d**2 - d. Give v(-1).
11
Let n(g) = -g**3 - 7*g**2 - 4*g + 4. Give n(-5).
-26
Let q(o) = 7*o + 19. Determine q(-7).
-30
Let t(k) = k**3 + 5*k**2 + 5*k - 3. Determine t(-5).
-28
Let k(v) = 6*v**2 - 5*v - 4. Give k(-1).
7
Let g(i) = 50*i - 192. Determine g(4).
8
Let g(r) = -23*r + 330. Calculate g(14).
8
Let z(j) = -2*j - 65. Calculate z(-19).
-27
Let o(b) = b**3 - 4*b**2 - 5*b - 3. Give o(-2).
-17
Let u(y) = 9*y - 4. Give u(7).
59
Let m(t) = -2*t - 5. What is m(-2)?
-1
Let q(r) = -5*r - 2. Give q(5).
-27
Let z(q) = 2*q + 15. What is z(-2)?
11
Let v(g) = -g**2 + 16*g - 45. Determine v(9).
18
Let p(o) = -o**3 - 6*o**2 - 3*o + 3. What is p(-4)?
-17
Let f(s) = s**3 - 23*s**2 + 43*s - 21. Give f(21).
0
Let a(l) = -2*l + 31. Give a(14).
3
Let a(k) = k**3 + k**2 + 2*k - 17. Determine a(0).
-17
Let y(u) = -u**2 - 5*u + 4. Determine y(-9).
-32
Let o(h) = -h**3 - 3*h**2 - 3*h + 3. Give o(-4).
31
Let g(r) = r - 10. Determine g(5).
-5
Let w(y) = -y**2 + 18*y - 71. Determine w(8).
9
Let p(t) = -3*t**2 - 40*t - 127. Determine p(-6).
5
Let x(h) = h**3 + 3*h**2 + 7. Determine x(-5).
-43
Let v(n) = n - 18. Calculate v(6).
-12
Let b(g) = g**3 - 12*g**2 - 12*g - 11. Give b(13).
2
Let j(q) = 2*q**2 + 22*q + 27. Determine j(-10).
7
Let u(h) = -2*h**2. What is u(1)?
-2
Let l(h) = -h + 2. Calculate l(-1).
3
Let t(u) = -7*u**2 - 4*u + 4. What is t(2)?
-32
Let i(k) = k**3 - 8*k**2 + 6*k - 8. Calculate i(4).
-48
Let z(h) = h - 20. What is z(5)?
-15
Let t(s) = 4*s + 48. Determine t(-7).
20
Let d(y) = 7*y**2 - 94*y + 124. Calculate d(12).
4
Let q(c) = c**3 + 8*c**2 + 4*c + 5. Determine q(-7).
26
Let k(w) = -w**3 - 14*w**2 - 15*w - 16. Calculate k(-13).
10
Let j(l) = l**2 - 13*l + 9. Calculate j(10).
-21
Let q(r) = r**2 - 13*r + 22. What is q(10)?
-8
Let w(b) = 70*b + 286. What is w(-4)?
6
Let u(a) = -a**2 - 2*a + 40. Calculate u(6).
-8
Let u(d) = d - 5. Determine u(10).
5
Let f(x) = 2*x**2 + x + 1. Calculate f(0).
1
Let q(x) = 10*x - 194. Give q(19).
-4
Let x(k) = 7*k + 32. Determine x(-8).
-24
Let d(p) = p**3 - 2*p**2 - 36*p + 103. Determine d(4).
-9
Let s(b) = -b**2 - 11*b + 18. Give s(-12).
6
Let v(a) = -a + 13. Determine v(14).
-1
Let x(f) = -f**3 - 3*f**2 + f - 7. Determine x(-4).
5
Let o(u) = 8*u + 6. Determine o(3).
30
Let c(b) = -2*b**3 + 8*b**2 - 4*b - 6. Give c(3).
0
Let t(q) = -q**3 + 7*q**2 - 5*q. Determine t(6).
6
Let a(m) = -2*m**2 - 3*m - 24. Calculate a(0).
-24
Let k(u) = -u**3 - 3*u + 14. Give k(4).
-62
Let w(d) = d**3 - 11*d**2 - 14*d + 20. Calculate w(12).
-4
Let z(h) = h**2 - 9*h - 36. Determine z(10).
-26
Let k(f) = f**2 - 16*f + 18. Determine k(14).
-10
Let l(c) = c**3 + 3*c**2 - 9*c + 2. Calculate l(-4).
22
Let m(x) = x**2 + 24*x + 42. Give m(-2).
-2
Let h(b) = b - 5. Determine h(-3).
-8
Let b(h) = -7*h + 41. Give b(5).
6
Let z(k) = k**2 - 24*k - 11. What is z(24)?
-11
Let u(c) = 25*c - 219. Calculate u(9).
6
Let r(s) = -s**3 + 9*s**2 - 17*s + 19. Determine r(7).
-2
Let y(d) = d**3 - 15*d**2 - 22*d + 37. Determine y(16).
-59
Let r(o) = -o**3 - 14*o**2 - 10*o + 20. What is r(-13)?
-19
Let n(r) = -7*r - 78. Determine n(-9).
-15
Let y(l) = l**3 + 14*l**2 - 14*l + 23. Give y(-15).
8
Let r(a) = -a**3 + 6*a**2 - 5*a + 36. Calculate r(6).
6
Let k(c) = 2*c - 7. Give k(5).
3
Let f(j) = -2*j - 1. Give f(8).
-17
Let t(j) = -2*j**2 + 8*j + 6. What is t(6)?
-18
Let x(h) = 2*h + 14. Determine x(-6).
2
Let i(h) = -h**2 - 4*h - 1. Determine i(-7).
-22
Let a(z) = 2*z**3 + 2*z**2 - 6*z + 6. Determine a(3).
60
Let m(t) = t**3 - 13*t**2 + 17*t - 16. Give m(12).
44
Let i(o) = 2*o**2 - 10*o + 20. What is i(9)?
92
Let g(z) = -z**2 + 9*z - 5. Determine g(9).
-5
Let h(p) = 2*p**2 + 7*p - 1. Give h(-4).
3
Let a(y) = y**2 - 12*y + 11. Determine a(9).
-16
Let r(s) = -3*s - 13. What is r(6)?
-31
Let k(s) = 7*s**2 + 10*s - 25. Determine k(2).
23
Let b(l) = 5*l + 276. Determine b(-55).
1
Let d(t) = -t**3 + 4*t**2 - 4*t + 4. Give d(3).
1
Let t(f) = -101*f**3 - 2*f**2 - f + 2. Calculate t(1).
-102
Let b(v) = -3*v + 2. Give b(-3).
11
Let z(t) = 2*t**2 - 6*t + 6. Determine z(2).
2
Let o(d) = -3*d + 65. Give o(18).
11
Let x(n) = -19*n**2 - 4*n - 3. Calculate x(-2).
-71
Let z(o) = -66*o. Give z(1).
-66
Let v(f) = -f**2 - 6*f - 21. Calculate v(0).
-21
Let y(x) = 76*x**2 - 9*x + 9. Give y(1).
76
Let m(i) = 13*i + 2. Determine m(-1).
-11
Let r(c) = 4*c - 42. Give r(10).
-2
Let g(m) = -m**3 + 10*m**2 + 9*m - 13. Give g(11).
-35
Let d(i) = -i**2 - 10*i - 20. What is d(-8)?
-4
Let s(x) = -9*x - 3. What is s(4)?
-39
Let w(n) = 20*n + 19. Give w(8).
179
Let f(w) = 31*w + 70. What is f(-2)?
8
Let i(g) = -8*g + 17. Give i(0).
17
Let n(l) = -l**2 - 10*l + 47. Give n(-14).
-9
Let n(v) = -v**2 + 5*v + 35. What is n(8)?
11
Let m(o) = o**3 - 9*o**2 + o - 10. Calculate m(9).
-1
Let d(j) = j**3 - 4*j**2 + j - 3. Give d(4).
1
Let r(f) = f**3 - 3*f**2 - 3*f + 2. Determine r(3).
-7
Let w(p) = -p**2 + 15*p + 12. Give w(15).
12
Let a(y) = -y**2 + 13. Give a(13).
-156
Let r(z) = -z**3 - 9*z**2 - 6*z + 6. What is r(-8)?
-10
Let o(x) = -x**2 + 4. Give o(-2).
0
Let t(v) = -7*v + 29. Determine t(5).
-6
Let d(a) = a**3 - 5*a**2 + 2*a - 1. Determine d(3).
-13
Let i(v) = v**3 - 6*v**2 - 3*v - 8. Determine i(7).
20
Let y(u) = 2*u - 3. Calculate y(-3).
-9
Let t(k) = k**3 + 4*k**2 + 5*k + 2. What is t(-3)?
-4
Let j(x) = x**3 - 16*x**2 + x - 5. Calculate j(16).
11
Let m(x) = -16*x**2. Calculate m(-1).
-16
Let g(j) = j**2 - 41*j - 90. Calculate g(43).
-4
Let c(y) = -y**3 + 12*y**2 - y - 2. What is c(12)?
-14
Let s(j) = -2*j**3 + 7*j**2 + 7*j - 10. What is s(4)?
2
Let p(s) = s + 2. Give p(4).
6
Let p(d) = -13*d - 3. Determine p(2).
-29
Let i(c) = 11*c + 52. Determine i(-12).
-80
Let t(z) = -6*z + 2. Calculate t(9).
-52
Let n(h) = -h**2 + 24*h - 25. Give n(10).
115
Let a(p) = -4*p